p + 57 = 2*k. Calculate the greatest common divisor of k and l.
12
Let l(o) = -o**2 - 8*o + 22. Suppose 14 - 41 = 3*i. Let j be l(i). Calculate the greatest common factor of j and 104.
13
Let y(f) = 4*f**2 - 2*f + 4 + f + 0 - 2 - f**3. Let v be y(3). What is the greatest common divisor of v and 2?
2
Let h(s) = 2*s**2 + 3*s - 5. Let a be 104/(-20) + (-1)/(-5). Let u be h(a). What is the greatest common divisor of 6 and u?
6
Suppose -30 = -7*j + 4*j. Let m(z) = z**2 + 3*z. Let k be m(-3). Suppose k = -3*a + 2*a + 70. Calculate the greatest common divisor of j and a.
10
Let k = 10 + -5. Suppose 0*i + k*i = 0. Suppose 6*p - 3*p - 192 = i. Calculate the greatest common factor of 8 and p.
8
Let g(o) = -o**3 + 10*o**2 + 4*o - 8. Let a(b) = 18*b**2 - b - 1. Let p be a(-1). Let c = -8 + p. Let u be g(c). What is the highest common factor of 8 and u?
8
Suppose 0 = 6*j - 8*j + 396. What is the greatest common factor of 22 and j?
22
Suppose 0 = 3*u + 6 - 33. Let t be -1 + 10 - (-3 - -2). Suppose 2*p - t = 8. Calculate the greatest common divisor of u and p.
9
Suppose -3*k + 3*d + 2*d + 44 = 0, -4*d = 16. Calculate the greatest common divisor of 8 and k.
8
Suppose 6*s = -4*p + s + 16, 12 = 3*p - 3*s. What is the greatest common factor of 1 and p?
1
Suppose 0 = -3*v + 2*n + 178, -4*v + 66 = -2*n - 168. Suppose v = 5*k + 11. Let q = 3 + -2. What is the highest common divisor of k and q?
1
Let x be 52/(3*1/6). What is the highest common divisor of 13 and x?
13
Let x(i) = 2*i - 4. Let s be x(3). Let t = s - -48. Suppose -3*p = 6, -2*l = -3*p - 2*p - 50. Calculate the highest common divisor of t and l.
10
Suppose -3*d - 12 = d. Let c be 1/(0 + d/(-165)). Calculate the greatest common factor of c and 22.
11
Let a(w) = -15*w + 11*w - 11*w. Let m be a(-4). What is the highest common factor of m and 15?
15
Let v(n) = n**3 - 4*n**2 - 7*n + 4. Let o be v(6). Let l = o + -14. Suppose w + 4*h = -7, 18 - 4 = w - 3*h. What is the greatest common divisor of w and l?
5
Suppose 240 = 5*g - 35. Let k be 4/20 - 96/(-20). Calculate the greatest common factor of k and g.
5
Let p = -90 + 150. Let v = 40 + p. What is the greatest common divisor of v and 20?
20
Let o be (7 + -1)/((-12)/(-16)). Suppose -5*p + 5 = 0, -22 = -5*z - 5*p + o. What is the highest common divisor of 40 and z?
5
Let o(n) = n + 12. Let i be o(-12). Suppose -a - 2*d = -0*a - 15, i = -4*a + 4*d. Calculate the highest common factor of 55 and a.
5
Suppose 3*b = -2 + 8, 4*n - 3*b - 90 = 0. What is the greatest common divisor of n and 8?
8
Suppose -73 = -5*c + 117. Calculate the highest common factor of 19 and c.
19
Suppose x = 4 + 8. Let z = -279 + 315. What is the highest common factor of x and z?
12
Suppose 3*y + 0*y - 4*a - 40 = 0, -5*y + 80 = -4*a. Calculate the greatest common factor of y and 8.
4
Suppose -10 = 5*n - 30. Suppose -n*g + 13 = -15. Calculate the greatest common divisor of g and 70.
7
Let c(j) = 10*j - 6. Let b be c(3). Calculate the greatest common divisor of b and 8.
8
Suppose 5*f + 27 - 117 = 0. Let q(s) = 16*s**3 - 2*s + 2. Let m be q(2). What is the highest common divisor of f and m?
18
Suppose 4*v - 18 = 54. Let w be 12/v + 4/3. What is the greatest common factor of 14 and w?
2
Let a = 289 - 94. Calculate the highest common factor of 30 and a.
15
Suppose z - 2 = 3, 4*m = 3*z + 345. What is the highest common divisor of 5 and m?
5
Let j(d) = -d**3 + 4*d**2 + 12*d - 25. Let c be j(5). What is the greatest common divisor of 25 and c?
5
Suppose -l - 25 = -3*i + 2*i, 3*i - 79 = 4*l. Let f = i - 12. Suppose -303 = -2*v - 105. What is the highest common divisor of f and v?
9
Let b = -110 + -18. Let t = b + 260. What is the highest common factor of t and 33?
33
Let i(w) = -27*w - 1. Let l(p) = p - 12. Let u be l(9). Let x be i(u). What is the greatest common divisor of x and 16?
16
Let f(i) = 5*i - 54. Let h be f(22). What is the highest common factor of h and 14?
14
Suppose 224 = -4*f + 2*a, -4*f + 0*f - 3*a - 214 = 0. Let s be -1 + (f + 1)/(-2). What is the greatest common factor of s and 13?
13
Let h(b) be the first derivative of -b**3/3 + 9*b**2/2 + 3*b + 2. Let m be h(8). Let q = 3 - 2. What is the greatest common divisor of q and m?
1
Suppose -2479 = -5*b - v, b - 2*v - 483 = v. Suppose b = -3*c + 8*c. What is the highest common factor of c and 9?
9
Suppose -3*y - 3 = -117. Let j = y - 24. Calculate the greatest common divisor of 154 and j.
14
Let f be -4*((-4)/(-2) + -4). Suppose 0 = 3*c - 237 - 27. Calculate the greatest common divisor of f and c.
8
Let o(c) = -14*c - 3. Let k be o(-1). What is the highest common factor of 187 and k?
11
Suppose -3*x = -3*k - 171, 5*x - 5*k - 279 = -2*k. What is the greatest common factor of 18 and x?
18
Let a = -11 + 27. Let g = -11 - -23. Suppose 3*v = c + g, -3*c = 2*v - 0 - 8. What is the greatest common factor of a and v?
4
Let o(u) = -u**2 + 30*u - 25. Let i be o(28). Calculate the highest common divisor of i and 1.
1
Let a be (-54)/(-4) + 2/(-4). Let r(q) = -24*q - 1. Let z be r(-6). What is the greatest common factor of z and a?
13
Let a = 1 - 7. Let o(l) = l**3 + 6*l**2 - 3*l - 8. Let h be o(a). What is the greatest common factor of 10 and h?
10
Let l be (-1 - -3*3) + -2. Suppose 0*h - h = 4. Let t be (-59 + -1)*h/l. Calculate the highest common factor of 10 and t.
10
Suppose -3*h = -n - 6, -7*h - n = -3*h - 1. Let s be 44 - (h + 0)*-1. Let m(t) = 2*t + 3. Let q be m(3). What is the highest common factor of s and q?
9
Let j(t) = -17*t - 2. Let g be j(-2). Let q(p) = p**3 - 16*p**2 + 15*p + 8. Let l be q(15). What is the highest common factor of l and g?
8
Suppose z - 3 = -4. Let s be 21 + 2 + z + -1. Let m = -17 + 31. Calculate the greatest common divisor of m and s.
7
Suppose 5*p + i - 221 = 0, 2*i = -3 - 5. What is the highest common factor of p and 5?
5
Let n be 6*134/12*4. Suppose -4*z - 4*s = -472, -5*s = 3*z - n - 84. What is the highest common factor of z and 17?
17
Suppose -13 = -z - 0. Let o be 2/z + (-120)/(-65). What is the highest common divisor of 18 and o?
2
Let r(q) = q - 2. Let z be r(12). Suppose 0 = -a - j + 5*j - z, a - j = 5. What is the greatest common factor of a and 20?
10
Suppose 5*c = 10*c - 55. What is the greatest common divisor of 187 and c?
11
Let a = 30 - 28. What is the highest common factor of a and 44?
2
Suppose -6*r - 3*x + 92 = -r, 97 = 5*r - 2*x. Let z(s) = s + 7. Let f be z(-5). Let w be 185/10 + f/4. What is the greatest common factor of w and r?
19
Let q(t) = -16*t - 8. Let l be q(-2). Let i(p) = p**3 + 8*p**2 + 3. Let m be i(-8). Suppose 0 = -a + m. What is the greatest common factor of a and l?
3
Let u(s) be the second derivative of s**4/3 + 5*s**3/6 - 3*s**2/2 - 2*s. Let o be u(3). Calculate the highest common factor of 32 and o.
16
Let i = 256 - 166. What is the greatest common factor of i and 3?
3
Suppose -2*v + 3*v - 10 = 0. What is the greatest common divisor of 10 and v?
10
Let o(c) = c**2 - 5*c + 3. Let l be o(9). Let u be l - (2 - 3)*1. What is the greatest common factor of 5 and u?
5
Suppose -4*x = -3*n - 3*x + 9, 4*n = 4*x + 20. Let v(d) = -d - 3*d**2 - 2 + d**2 + 3*d**n. Let h be v(-2). What is the greatest common divisor of h and 1?
1
Let r = -2 - -2. Let j = 11 - r. Calculate the greatest common factor of 1 and j.
1
Let x(k) = k**3 - 9*k**2 + 12*k - 26. Let h be x(8). What is the greatest common divisor of 102 and h?
6
Suppose 0*f + 22 = f. Suppose o - 2*o = -f. Let b = o + -11. Calculate the greatest common divisor of b and 33.
11
Suppose 8*v = -0*v + 104. Calculate the greatest common divisor of v and 65.
13
Let f be ((-4)/(-10))/(1/5). Suppose 0 = 5*o + 2*i - 19, -2*i = f*o + 3*i + 5. Suppose 4*a = b - 24, a = o*a. Calculate the greatest common divisor of 16 and b.
8
Let s = 176 + -91. Let o = -16 - -33. What is the highest common divisor of s and o?
17
Suppose -4*p - 2*m = -970, 5*p - m - 202 = 993. Let f = p - 162. Suppose 3*l = -5*h + 251, -4*h + l + 279 = 68. What is the greatest common factor of h and f?
26
Let o = -21 + 15. Let m be ((-72)/30)/(o/500). Calculate the highest common factor of m and 25.
25
Let b = -20 + 64. Let v = -17 + b. Let t be v/4*40/3. Calculate the highest common factor of 10 and t.
10
Let r = -180 - -187. Calculate the greatest common divisor of r and 112.
7
